 23
Suppose 4*p = -5*c + 1358, 2*p + 0*p + 828 = 3*c. What are the prime factors of c?
2, 137
Suppose 11*l - 17 = 10*l. Let c = 20 - l. What are the prime factors of c/21 + 1395/35?
2, 5
Let l = -19 - -17. List the prime factors of 267/(-6)*4/l.
89
Let q = -98 - -68. Let i be 5/2*q/(-25). Suppose -3*c + 55 = 2*r, -22 - i = 5*c. List the prime factors of r.
5, 7
Suppose -30 = -5*n + 10*n. Let h(c) = -c - 7. Let z be h(n). Let l = 6 + z. List the prime factors of l.
5
Let d = -16 - -19. Suppose d*h = -2*h + 105. List the prime factors of h.
3, 7
Suppose 0 = d - 0*d + 12. List the prime factors of (2 + -52 - d/4)*-1.
47
Let c = 139 + -59. What are the prime factors of 2/(c/24)*(-1 + 186)?
3, 37
Let z be 0 + 1 - -2 - 0. Let y be 0/z + 0 + 4. Suppose -5*l = t - 27, 0*l = -y*t - l + 51. List the prime factors of t.
2, 3
Let o = -6 + 9. Suppose -o*d - 4*b - 41 = 0, 0 = d - 5*d - 5*b - 55. What are the prime factors of (104/20)/((-3)/d)?
2, 13
Let m = 1 - 0. Suppose -1 = -v + m. What are the prime factors of ((-3)/(-3))/(v/46)?
23
Suppose 251 = 2*x + 5*s - 962, 4*x + 2*s = 2434. List the prime factors of x.
3, 7, 29
Let n(s) = -s**3 - 14*s**2 - 32*s + 49. List the prime factors of n(-16).
29, 37
Suppose 0 = 37*f - 6132 - 2563. What are the prime factors of f?
5, 47
Suppose -9*s + 17 = -8*s. Suppose s*n = 14*n + 21. What are the prime factors of n?
7
Let w be 15330/270 - 4/(-18). Let j = w + 49. List the prime factors of j.
2, 53
Let u = 436 + -41. What are the prime factors of u?
5, 79
Suppose u = -4*h + 2, 3*h - 8*h = u - 2. Suppose 0 = -0*t + u*t - 168. List the prime factors of t/49*(20 - -1).
2, 3
Let l(c) = -2*c**3 - 13*c**2 - c - 18. List the prime factors of l(-9).
2, 3, 11
Let f = -406 - -722. What are the prime factors of f?
2, 79
Let b = -26 + 32. Suppose 3*u - b = u. Suppose -l + 121 = 4*d + 16, -u*l + 133 = 5*d. What are the prime factors of d?
2, 13
Let f(i) be the first derivative of -i**4/4 - i**3/3 + 5. Let t be f(-2). Suppose t*p + 4 = 92. What are the prime factors of p?
2, 11
Let w be (6*2)/(18/60). Let n = w - 17. List the prime factors of n.
23
Let y(k) = -k**3 - 5*k**2. Let u be y(-5). Let b(z) = 5 + z + u*z + 3*z. What are the prime factors of b(5)?
5
Let f = 22 + -22. Suppose -5*q - 3*g + 11 = f, q - 2*g - 4 = 6. Suppose -2*k - 208 = -q*j, 2*j + 5 - 97 = 4*k. List the prime factors of j.
2, 3
Suppose 25*c + 4428 = 36053. List the prime factors of c.
5, 11, 23
Let l = 4262 - 2909. List the prime factors of l.
3, 11, 41
Let a = -1773 - -3393. List the prime factors of a.
2, 3, 5
Let u(a) = a**2 + a. Let d(f) = -20*f**2 - 8*f - 1. Suppose 3*w = 2*w - 1. Let k(v) = w*d(v) - 6*u(v). List the prime factors of k(-1).
13
Let n = 54 + -38. Suppose 0*j = 2*j - n. Suppose -7*i - 45 = -j*i. List the prime factors of i.
3, 5
Let h(i) = 8*i - 5. Let n be h(-5). Let x = -22 - n. What are the prime factors of x?
23
Suppose m + 3*m = 0. Suppose 78 = 3*t - 3*w, m*t = t - 4*w - 41. Let u = t - 8. List the prime factors of u.
13
Let x(n) = n**3 + 7*n**2 + 5. Let c be x(-7). Let w = c + 3. What are the prime factors of w?
2
Suppose p - 426 = -3*i, 257 + 181 = 3*i - 3*p. Suppose 0*r - r = c - i, 4*r - 2*c = 554. What are the prime factors of r?
2, 5, 7
Suppose -2*p + 24 = -3*v - 6*p, -5*v = 4*p + 32. Let f be 4/3*(-12)/v. Suppose -f*y + 2*h - 35 = -107, 0 = 5*h + 10. What are the prime factors of y?
17
Let f(q) = 6*q**3 - 2*q**2 + 9*q. Let i be f(4). Suppose -5*t = -t - i. What are the prime factors of t?
97
Let p(s) = s. Let j be p(-2). Let v be 9/(-4 - -1 - j). List the prime factors of ((-8)/(-5))/(v/(-90)).
2
List the prime factors of 13*(-758)/(-7) - 116/(-406).
2, 11
What are the prime factors of (6/(-21))/(8/(-41720))?
2, 5, 149
Suppose 5*k = -2*s + 3954, 4*k - 4*s + 478 - 3630 = 0. Suppose -10*l = -0*l - k. What are the prime factors of l?
79
Let n = 1475 + -864. List the prime factors of n.
13, 47
Suppose 3*o = 10 + 5. Suppose 4*h - 210 = -2*p + 30, -5*h + 465 = 4*p. Suppose -2*k = o*x - p, -k + 0*k - 66 = -3*x. What are the prime factors of x?
2, 11
Suppose -110*x + 125*x = 15015. What are the prime factors of x?
7, 11, 13
Let s be 326/6 + 4/(-12). Suppose 4*p - 518 = -b - s, -p + 131 = 4*b. Suppose -z - 4*z = -p. What are the prime factors of z?
23
Let p = 7879 - 5486. List the prime factors of p.
2393
Let l = 28 - 23. Suppose 10 = -l*c, c = r - 2*c - 17. List the prime factors of r.
11
Suppose -5*r + 4*l = -30, -l - 11 = -4*r + r. Suppose 0 = r*k - 80 - 32. What are the prime factors of k?
2, 7
Suppose -9*a + 3491 = -2071. What are the prime factors of a?
2, 3, 103
Let m(o) = -2*o**3 - 10*o**2 + 7*o - 87. What are the prime factors of m(-11)?
2, 7, 23
Let o be 1/(-2) - (-483)/(-6). Let k = o + 152. What are the prime factors of k?
71
Let r(y) = -y**3 + 16*y**2 + 1. Let z be r(16). What are the prime factors of (74 + z + 2)*1?
7, 11
Let a be (3/2)/((-14)/(-924)). Let l(u) = 4*u - 3. Let w be l(6). Suppose 0 = -z + 2*z - 3*q - w, 3*z = -3*q + a. What are the prime factors of z?
2, 3, 5
Let g(y) = 5 - 8*y - 11*y - 7*y + 10*y. Let i(m) = -31*m + 9. Let u(x) = -5*g(x) + 2*i(x). What are the prime factors of u(3)?
47
Let b be 144/(-15)*(-30)/9. Let z = -28 + b. Suppose -3*j - 2*j - z*a + 219 = 0, 5*j + 3*a - 223 = 0. List the prime factors of j.
47
Suppose 8*n = 6*n - 5*f + 532, 0 = -3*f - 12. What are the prime factors of n?
2, 3, 23
Suppose 642 = 2*q - 5*y - 179, 3*q + 4*y = 1197. List the prime factors of q.
13, 31
Let o(w) = w**3 - 8*w**2 - w + 4. Suppose 27 = 5*c - 2*c. List the prime factors of o(c).
2, 19
What are the prime factors of 6570/38 + (-10 - (-768)/76)?
173
Suppose 24*g = 68*g - 44484. What are the prime factors of g?
3, 337
Suppose 4*l - 1512 = -4*c, c + 7*l - 5*l - 380 = 0. List the prime factors of c.
2, 47
What are the prime factors of -39*(-4)/(-12) + 2881?
2, 3, 239
Let q(c) = c**2 - 8*c + 11. Let f be q(5). Let l be 60/18 - f/6. Suppose -90 = -y - l*y. What are the prime factors of y?
2, 3
Let y(l) be the second derivative of -l**5/20 - 5*l**4/6 - l**3/3 + 3*l**2 + l. Let n be (6 + 320/(-50))/(2/50). List the prime factors of y(n).
2, 13
Let s(m) = 336*m - 506. What are the prime factors of s(3)?
2, 251
Suppose 1 = r - 40. Let w be 406/6 + (-3)/(-9). Let k = w - r. List the prime factors of k.
3
Suppose 0*z = -z + 3*h + 71, 4*z + 2*h - 298 = 0. Suppose -28 = -4*u + 12. What are the prime factors of (-15)/u - z/(-4)?
17
Let b = -37 + 40. Suppose -3*u + 82 = l, -2*u - b*l + 48 = -l. List the prime factors of u.
29
Let m = 37 - 12. Let b = -51 + m. Let q = b - -56. What are the prime factors of q?
2, 3, 5
Suppose 4*r - 76*i + 80*i = 6928, 2*i - 5200 = -3*r. List the prime factors of r.
2, 7, 31
Suppose 3*c + 0 = 12. Let g = 161 + c. Suppose 0*m + 5*m = -5*b + g, 0 = b + 2. List the prime factors of m.
5, 7
Let t(n) be the second derivative of -n**5/20 - n**3/6 + n**2/2 + 7*n. List the prime factors of t(-2).
11
Suppose 2*k = -3*k + 35. Suppose 0 = -k*p + 944 - 181. What are the prime factors of p?
109
Let w = 774 - 292. List the prime factors of w.
2, 241
Let p(i) = -2*i + 41. Let n(z) = 5*z - 13. Let g be n(6). What are the prime factors of p(g)?
7
Suppose -5*k = -0*k - 405. Suppose 0 = 3*y - 0*y + 135. Let o = k + y. What are the prime factors of o?
2, 3
Let o(m) = -4*m**2 - 5*m. Let r be o(-2). Let j(q) = -18*q + 6. List the prime factors of j(r).
2, 3, 19
Let t be (((-3)/2)/(-3))/(8/80). Suppose 3*f + 3*h - 600 = 0, 4*f + 198 = t*f + 3*h. List the prime factors of f.
3, 67
Let k = -16 + -30. Let s = k - -65. List the prime factors of s.
19
Suppose 0 = -0*f + 7*f + 77. Let u = f - -152. List the prime factors of u.
3, 47
Suppose 0 = z, 0 = 7*n - 6*n - 5*z - 749. What are the prime factors of n?
7, 107
Let m(h) = -h**2 - 5*h - 12. Let j(i) = 2*i**2 + 15*i + 35. Let u(z) = -3*j(z) - 8*m(z). List the prime factors of u(12).
3, 73
Suppose 3*o - q = 2*q - 444, 5*o + 734 = -q. Let w = o - -221. List the prime factors of w.
2, 37
Let p be 3 - -1*(-2 + 4). Suppose -2*n = p*g - 20, 5*n + 10 - 106 = -g. What are the prime factors of 1/3*(n - -157)?
59
Let f(b) = -b**2 + 11*b**2 - 10 - 3*b - 6*b**2 - 3*b**2. Let i be f(9). Suppose -202 = -4*q - 5*c, -q + i = -0*q - 2*c. What are the prime factors of q?
2, 3
Let g = -119 + 134